se
Is 1343 a prime number?
False
Is 456031 a prime number?
False
Is 31109 a prime number?
False
Is 11549 prime?
True
Is 402461 prime?
False
Is 1560973 composite?
False
Is 16771 a prime number?
False
Is 2455 prime?
False
Is 1103059 composite?
False
Is 324161 composite?
False
Is 868235 composite?
True
Is 349333 a prime number?
False
Is 2556011 prime?
True
Is 104281 a composite number?
False
Is 21865 composite?
True
Is 22431 prime?
False
Is 129697 prime?
False
Is 35018 prime?
False
Is 85717 a composite number?
False
Is 1074163 a composite number?
True
Is 23665 a composite number?
True
Is 136491 a prime number?
False
Is 9122 composite?
True
Is 13105 prime?
False
Is 26507 a composite number?
True
Is 14995 a prime number?
False
Is 4009 composite?
True
Is 3983 composite?
True
Is 748169 a prime number?
True
Is 53081 composite?
True
Is 676877 a prime number?
False
Is 18947 prime?
True
Is 56011 a prime number?
False
Is 58637 a composite number?
True
Is 1509 composite?
True
Is 51071 prime?
True
Is 516319 composite?
False
Is 671 a prime number?
False
Is 2533747 a composite number?
False
Is 241739 composite?
False
Is 11957 a composite number?
True
Is 17926 prime?
False
Is 11283 prime?
False
Is 111058 a prime number?
False
Is 32479 prime?
True
Is 157859 prime?
False
Is 131791 composite?
True
Is 111 composite?
True
Is 26167 a prime number?
False
Is 521 composite?
False
Is 5077 prime?
True
Is 46411 composite?
False
Is 4197 composite?
True
Is 65885 a prime number?
False
Is 3629 prime?
False
Is 255637 composite?
False
Is 70377 composite?
True
Is 25279 a composite number?
True
Is 345869 a composite number?
False
Is 121297 a composite number?
True
Is 172478 a prime number?
False
Is 371129 a prime number?
False
Is 30491 prime?
True
Is 650113 prime?
False
Is 35549 a composite number?
True
Is 805835 composite?
True
Is 87211 composite?
False
Is 443999 prime?
True
Is 15682 composite?
True
Is 17411 a prime number?
False
Is 1541221 prime?
False
Is 13667 prime?
False
Is 7103 a prime number?
True
Is 27179 a prime number?
True
Is 373123 a prime number?
False
Is 37649 a prime number?
True
Is 95519 composite?
True
Is 43861 a prime number?
False
Is 5381 a composite number?
False
Is 10969 a composite number?
True
Is 125393 a prime number?
False
Is 5039 prime?
True
Is 799885 a prime number?
False
Is 28499 a composite number?
False
Is 47577 a prime number?
False
Is 2719 composite?
False
Is 202789 prime?
False
Is 296909 prime?
True
Is 1138351 a composite number?
True
Is 307 composite?
False
Is 2777 a composite number?
False
Is 907 prime?
True
Is 677 a prime number?
True
Is 31687 prime?
True
Is 96833 a prime number?
False
Is 14123 prime?
False
Is 2381101 prime?
True
Is 11819 a prime number?
False
Is 629339 prime?
True
Is 169199 composite?
False
Is 7869431 composite?
False
Is 205259 prime?
False
Is 18215 a prime number?
False
Is 80137 prime?
False
Is 15103 prime?
False
Is 233173 prime?
True
Is 5189 composite?
False
Is 10015 prime?
False
Is 58471 a prime number?
False
Is 4561 a prime number?
True
Is 52627 a composite number?
False
Is 245785 a prime number?
False
Is 47459 composite?
False
Is 13223 a composite number?
True
Is 3875479 prime?
False
Is 8269 prime?
True
Is 208991 composite?
False
Is 12277 a prime number?
True
Is 6559 composite?
True
Is 19777 prime?
True
Is 75817 composite?
True
Is 89293 prime?
True
Is 25711 prime?
False
Is 12071 a prime number?
True
Is 8063 a prime number?
False
Is 7451 a prime number?
True
Is 546333 a composite number?
True
Is 34721 a prime number?
True
Is 4601 composite?
True
Is 2962787 composite?
False
Is 6081 composite?
True
Is 69397 prime?
False
Is 112507 a prime number?
True
Is 35177 a prime number?
False
Is 151799 composite?
False
Is 23899 a composite number?
False
Is 5793 a composite number?
True
Is 3188803 a composite number?
False
Is 79681 composite?
True
Is 104897 a prime number?
False
Is 6469 a composite number?
False
Is 172243 a composite number?
False
Is 39541 a composite number?
False
Is 11113 a composite number?
False
Is 50257 a prime number?
False
Is 7621 a prime number?
True
Is 165079 a composite number?
False
Is 474839 a prime number?
True
Is 701747 prime?
False
Is 49771 composite?
True
Is 89291 a prime number?
False
Is 7621 prime?
True
Is 193649 prime?
True
Is 3593 composite?
False
Is 9997 a composite number?
True
Is 397747 composite?
True
Is 8263 a composite number?
False
Is 21955 a composite number?
True
Is 11633 a composite number?
False
Is 63433 a composite number?
True
Is 1823 prime?
True
Is 424969 composite?
True
Is 23401 composite?
True
Is 22343 composite?
False
Is 492631 a composite number?
False
Is 28889 a prime number?
False
Is 1048991 a prime number?
True
Is 1266359 a prime number?
True
Is 258601 composite?
True
Is 2203 a composite number?
False
Is 11183 prime?
False
Is 426281 prime?
False
Is 27389 a prime number?
False
Is 34807 a prime number?
True
Is 605221 a composite number?
False
Is 158659 prime?
False
Is 2959301 a composite number?
False
Is 141529 prime?
True
Is 27211 prime?
True
Is 98639 a composite number?
False
Is 1109 a prime number?
True
Is 22291 a composite number?
False
Is 5471 a composite number?
False
Is 11239 a composite number?
False
Is 20779 composite?
True
Is 70199 a composite number?
False
Is 3943 prime?
True
Is 27337 prime?
True
Is 344639 a composite number?
False
Is 3821 a composite number?
False
Is 6107 a composite number?
True
Is 1850939 prime?
True
Is 162002 prime?
False
Is 61727 a composite number?
True
Is 16703 prime?
True
Is 122749 a composite number?
True
Is 152591 a prime number?
False
Is 3229 a composite number?
False
Is 108179 composite?
False
Is 3348887 a composite number?
False
Is 103409 prime?
True
Is 28639 prime?
False
Is 427637 prime?
False
Is 144219 a prime number?
False
Is 1541 composite?
True
Is 11099 a prime number?
False
Is 26305 prime?
False
Is 907 a composite number?
False
Is 1942 a prime number?
False
Is 5897 prime?
True
Is 13901 a composite number?
False
Is 583991 a prime number?
True
Is 126541 prime?
True
Is 74293 a composite number?
False
Is 47567 a composite number?
True
Is 317 a composite number?
False
Is 110739 prime?
False
Is 811715 composite?
True
Is 5557 prime?
True
Is 3661 prime?
False
Is 1087 a prime number?
True
Is 84857 prime?
True
Is 10559 a composite number?
False
Is 8501 a composite number?
False
Is 7781 composite?
True
Is 69917 composite?
True
Is 55997 prime?
True
Is 1097 composite?
False
Is 12197 a prime number?
True
Is 77851 a composite number?
True
Is 57131 composite?
False
Is 8963 a composite number?
False
Is 89189 a prime number?
True
Is 24733 a prime number?
True
Is 8079 composite?
True
Is 873835 composite?
True
Is 22863 composite?
True
Is 23251 prime?
True
Is 20317 a prime number?
False
Is 2621 a composite number?
False
Is 4911 a prime number?
False
Is 37067 prime?
False
Is 93039 composite?
True
Is 1674541 a composite number?
True
Is 2148821 prime?
False
Is 120181 a composite number?
False
Is 41077 composite?
False
Is 257381 composite?
False
Is 87469 a composite number?
True
Is 14621 composite?
False
Is 26153 a composite number?
False
Is 30869 a composite number?
False
Is 28789 composite?
False
Is 2399359 prime?
True
Is 88741 a composite number?
False
Is 213511 composite?
True
Is 1367 prime?
True
Is 366787 prime?
True
Is 61747 a prime number?
False
Is 3165157 a prime number?
False
Is 39293 prime?
True
Is 2258081 a prime number?
False
Is 6121 composite?
False
Is 79801 prime?
True
Is 230729 prime?
True
Is 36629 prime?
True
Is 16869 prime?
False
Is 158747 a composite number?
False
Is 80701 a prime number?
True
Is 51631 prime?
True
Is 301447 prime?
True
Is 42641 a composite number?
False
Is 20389 composite?
False
Is 2005 composite?
True
Is 112883 a composite number?
True
Is 248231 a prime number?
True
Is 5231683 a composite number?
True
Is 102633 composite?
True
Is 24239 prime?
True
Is 297299 a prime number?
False
Is 534614 composite?
True
Is 73121 a prime number?
True
Is 17597 composite?
False
Is 446 composite?
True
Is 7447 prime?
False
Is 31273 a prime number?
False
Is 63605 a prime number?
False
Is 20486 a prime number?
False
Is 2321 prime?
False
Is 3643 a composite number?
False
Is 190273 prime?
False
Is 1177991 a composite number?
True
Is 1262927 prim